{"id":82,"date":"2015-10-13T17:27:02","date_gmt":"2015-10-13T15:27:02","guid":{"rendered":"http:\/\/test.art-systems.eu\/?page_id=82"},"modified":"2015-10-14T16:07:51","modified_gmt":"2015-10-14T14:07:51","slug":"informationen-luft","status":"publish","type":"page","link":"https:\/\/www.art-systems.eu\/index.php\/informationen-luft\/","title":{"rendered":"Thema &#8220;Luft&#8221;"},"content":{"rendered":"<p style=\"text-align: left;\">\u201eAtme, und Du wirst leben\u201c \u2013 Chinesisches Sprichwort \u2013<\/p>\n<h3 style=\"text-align: left;\">LUFTREINIGUNG ist kein Luxus, sondern eine Notwendigkeit.<br \/>\nDie Luft die wir atmen, ist mit das wichtigste Lebensmittel f\u00fcr uns Menschen.<\/h3>\n<ul>\n<li>Wir k\u00f6nnen nicht ohne \u2026\u2026\u2026. Leben<br \/>\n&#8211; Luft 3 Minuten<br \/>\n&#8211; Wasser 3 Tage<br \/>\n&#8211; Essen 3 Wochen<\/li>\n<li>Die Luft ist unser wichtigstes \u201eLebensmittel\u201c ist, t\u00e4glich werden pro Person<br \/>\n&#8211; 3 kg Nahrungsmittel<br \/>\n&#8211; 3 kg Wasser konsumiert<br \/>\n&#8211; 12.000 Liter, d.h. 15 kg Luft, eingeatmet.<\/li>\n<li>Wir verbringen ca. 90 % der Zeit in Innenr\u00e4umen.<\/li>\n<li>Die Luftverschmutzung in Innenr\u00e4umen ist lt. Weltgesundheitsorganisation (WHO) eine der zehn Risikofaktoren.<\/li>\n<li>In geschlossenen R\u00e4umen werden mehr gef\u00e4hrliche Schadstoffe eingeatmet.<\/li>\n<li>Die meisten Luftverunreinigungen werden von den Sinnesorganen sp\u00e4t oder gar nicht wahrgenommen.<\/li>\n<li>Das Oxidationspotenzial des Sauerstoffs in einer belasteten Raumluft fast nicht mehr vorhanden ist: Bakterien, Viren, Milben, Pilze, Feinst\u00e4ube, Pollen, fl\u00fcchtige organische Verbindungen (VOC) und Ger\u00fcche k\u00f6nnen sich ungehindert ausbreiten.<\/li>\n<li>Die in der Luft befindlichen Schadstoffe beeintr\u00e4chtigen den Menschen oder k\u00f6nnen ihn gar sch\u00e4digen.<\/li>\n<\/ul>\n<p>Negative Ionen und Ozon sind die st\u00e4rksten Luftreinigungswirkstoffe der Natur. Es gibt nichts in der Welt, das wirkungsvoller Allergene und Schadstoffe aus der Luft, die wir einatmen, entfernt. Leider k\u00f6nnen sie durch die dichte Bauweise der heutigen H\u00e4user und Geb\u00e4ude in Innenraum-Umgebungen nicht zum Zuge kommen.<\/p>\n<p>Negative Ionen und Ozon werden von der Natur erzeugt und sie werden in ihren optimalen Konzentrationen dort vorgefunden, wo die Luft am reinsten und ges\u00fcndesten ist. Diese Orte befinden sich typischerweise hoch im <strong>Gebirge<\/strong>, neben <strong>Wasserf\u00e4llen<\/strong>, wo der <strong>Blitz<\/strong> gerade eingeschlagen hat, auf offenen Wiesen, weitab von \u201eder Stadt\u201c und am <strong>Meeresufer<\/strong> in der N\u00e4he der anprallenden Wellen.<\/p>\n","protected":false},"excerpt":{"rendered":"<p>\u201eAtme, und Du wirst leben\u201c \u2013 Chinesisches Sprichwort \u2013 LUFTREINIGUNG ist kein Luxus, sondern eine Notwendigkeit. Die Luft die wir atmen, ist mit das wichtigste Lebensmittel f\u00fcr uns Menschen. Wir k\u00f6nnen nicht ohne \u2026\u2026\u2026. Leben &#8211; Luft 3 Minuten &#8211; Wasser 3 Tage &#8211; Essen 3 Wochen Die Luft ist unser wichtigstes \u201eLebensmittel\u201c ist, t\u00e4glich&#8230; <\/p>\n","protected":false},"author":1,"featured_media":0,"parent":0,"menu_order":90,"comment_status":"closed","ping_status":"closed","template":"no-sidebar.php","meta":[],"_links":{"self":[{"href":"https:\/\/www.art-systems.eu\/index.php\/wp-json\/wp\/v2\/pages\/82"}],"collection":[{"href":"https:\/\/www.art-systems.eu\/index.php\/wp-json\/wp\/v2\/pages"}],"about":[{"href":"https:\/\/www.art-systems.eu\/index.php\/wp-json\/wp\/v2\/types\/page"}],"author":[{"embeddable":true,"href":"https:\/\/www.art-systems.eu\/index.php\/wp-json\/wp\/v2\/users\/1"}],"replies":[{"embeddable":true,"href":"https:\/\/www.art-systems.eu\/index.php\/wp-json\/wp\/v2\/comments?post=82"}],"version-history":[{"count":5,"href":"https:\/\/www.art-systems.eu\/index.php\/wp-json\/wp\/v2\/pages\/82\/revisions"}],"predecessor-version":[{"id":89,"href":"https:\/\/www.art-systems.eu\/index.php\/wp-json\/wp\/v2\/pages\/82\/revisions\/89"}],"wp:attachment":[{"href":"https:\/\/www.art-systems.eu\/index.php\/wp-json\/wp\/v2\/media?parent=82"}],"curies":[{"name":"wp","href":"https:\/\/api.w.org\/{rel}","templated":true}]}}